 k?
1
Let g(h) = -83*h - 41. Let t(p) = -p - 3. Let o(c) = g(c) - 6*t(c). What is the units digit of o(-8)?
3
Suppose 14*d = 10*d - 16, -d + 8696 = 3*y. What is the thousands digit of y?
2
What is the thousands digit of (32 - (-3384)/(-108))/((-4)/(-222006))?
7
Let l = 841 + -501. Let v = 580 - l. What is the tens digit of v?
4
Suppose 7722 = -17*n + 20*n. Suppose 4*j - n = -2*r, 17*r + 642 = j + 19*r. What is the units digit of j?
4
Suppose 0 = -56*j + 321895 - 131159. What is the tens digit of j?
0
Let r(y) = y + 15 - y + 0*y - 3*y. Let z be r(4). Suppose z*a + 480 = 8*a. What is the units digit of a?
6
Let o(x) = -x**3 - 96*x**2 - 270*x - 639. What is the thousands digit of o(-95)?
5
Suppose 0 = -7*h - 8605 - 1608. Let l = 2058 + h. What is the hundreds digit of l?
5
Suppose 0 = o - 0*o - 5*y + 2, 0 = 5*o - 5*y - 10. Suppose -7*g + 5*d + 621 = -5*g, 0 = -o*g + 4*d + 921. What is the hundreds digit of g?
3
What is the ten thousands digit of (-36)/24 - (-609936)/32?
1
Let h be 2/(-10) + 1/5. Suppose -3*y + 14*y = h. What is the units digit of 21 + 3 + y/3?
4
Let q(k) = 49 - 27 + 0*k + 55 - 2*k. Let s = 38 + -38. What is the units digit of q(s)?
7
Suppose q = -236*y + 235*y + 11710, 5*q = -15. What is the thousands digit of y?
1
Suppose -5*p - 5*q + 8695 = 0, 0 = -3*p + q + 218 + 4999. What is the units digit of p?
9
Let s be 1*(-12)/(-16) - 5/(-20). Let g(i) = i**3 - 4*i**2 - 10*i. Let m be g(7). Let u = m - s. What is the units digit of u?
6
What is the thousands digit of 4*(0 + 31857/28)?
4
Suppose 15*a = 4*a - 6743. Let d = -408 - a. What is the hundreds digit of d?
2
Suppose -506 + 593 = 3*w. Suppose -w*y = -2*y - 24057. What is the hundreds digit of y?
8
Let x = 639 + -638. What is the hundreds digit of (-6874)/(-3 - 4) - -3*x?
9
Suppose 14308 = m - 4*k - 1762, -48221 = -3*m + k. What is the ten thousands digit of m?
1
Suppose -338 - 3853 = -n + 3*u, -3*n + 5*u + 12553 = 0. What is the units digit of n?
6
Suppose 0 = 4*h - 2*z - 36412, -7*h = 5*z - 64124 + 369. What is the hundreds digit of h?
1
Suppose 46*j - 80*j + 43*j - 330750 = 0. What is the ten thousands digit of j?
3
Suppose 0*v = -v + 172. Suppose 4*c + 1032 = -f + 5*f, -f = -2*c - 262. Let d = f - v. What is the units digit of d?
2
Let g(v) = v**2 + 11*v. Suppose 10*p + 50 + 60 = 0. Let c be g(p). Suppose -3*a - 114 = k - 391, c = 4*a - k - 360. What is the tens digit of a?
9
Let n = -41 + 35. Let z be -3 - n - 73*-1. Let m = z - 49. What is the units digit of m?
7
Suppose 125*b - 425164 = 673711. What is the tens digit of b?
9
Suppose 0 = 19*q - 25*q + 636. Let k = q + 47. What is the tens digit of k?
5
Let d(a) = 6*a + a**2 - 73 + 0*a + 9*a. What is the units digit of d(-32)?
1
Suppose -3*b = v + 1, -3*b = v - 3*v - 2. Suppose -25 = -5*f - b. Suppose 2*g - f*g = -75. What is the tens digit of g?
2
Let f(d) = 2*d**3 - 124*d**2 - 55*d + 1381. What is the hundreds digit of f(63)?
8
Let p(g) = 6*g - 30. Let m be p(5). Suppose -4*q - 2*j + 1814 = m, -13*j = 3*q - 14*j - 1348. What is the units digit of q?
1
Let y(i) = -11*i - 15. Let m be y(3). Let k be -1*290/14 + m/168. Let a = 20 - k. What is the units digit of a?
1
Let m be -708*(0 - -1)*(-3 - -2). Suppose 165 = -3*i + m. What is the tens digit of i?
8
Suppose 6*a - 19 + 1 = 0. What is the hundreds digit of 87*226/36 - a/18?
5
Let r be 989 + -17 + (-2 - 0). Let k = r + -688. What is the hundreds digit of k?
2
What is the units digit of 1521/18 - (-1)/(-2)?
4
Let w = -7811 - -24727. What is the tens digit of w?
1
Let d = -63 + 68. Suppose -2*h + 2152 = -15*s + 18*s, 5*h = -d*s + 5380. What is the hundreds digit of h?
0
What is the ten thousands digit of (-15 - (-9 + (-4 - -3))) + 40712?
4
Suppose -i - 3*c + 0 = 6, 0 = 4*i + c + 79. Suppose -172 - 468 = -8*b. Let w = i + b. What is the tens digit of w?
5
Let f = -239 - -105. Let a = 686 + f. What is the hundreds digit of a?
5
Let f(c) = 49*c - 6 - 62*c - 5 + c**2. Let s be f(14). Suppose -s*w + 401 - 95 = 3*v, -2*w + 2*v = -204. What is the units digit of w?
2
Let g = -324 - -329. Suppose g*l - 4*k = -8*k + 3754, 0 = -l - 3*k + 742. What is the units digit of l?
4
Let o(u) = 40 + 28 + 12*u + 154 - 40 + 37. What is the hundreds digit of o(-8)?
1
Let m(r) = -2*r + 2. Let w be m(1). Suppose -g + 3 = -w*g. Suppose -2*i + 3*i + 258 = g*h, -86 = -h - 4*i. What is the tens digit of h?
8
Suppose 122*b - 334165 = 58675. What is the hundreds digit of b?
2
Let s(h) be the first derivative of 3*h**2 - 12*h + 227. Let j = -3 - -12. What is the tens digit of s(j)?
4
Suppose 2*i - 4*z = -7*z - 28, 5*z = i - 12. Let m be (-15)/(-4) + i/((-192)/(-18)). Suppose 0 = q + 2*l - 64, -l + 155 + 27 = m*q. What is the tens digit of q?
6
Suppose 8*d - 19*d = -19426. Suppose 0 = 3*x - 3*r - 2658, -30*x + 32*x - d = 4*r. What is the tens digit of x?
8
Suppose -22*c = -149*c + 13462. Suppose -175 = 4*a - 27. Let h = a + c. What is the units digit of h?
9
Let q = 28444 - -9768. What is the tens digit of q?
1
Let g = 4863 + -1402. What is the tens digit of g?
6
Suppose 8 + 6 = 3*f - 5*b, -5*f + 2 = -3*b. What is the units digit of (-1548)/(-4) - (-4 + f - -2)?
1
Suppose 93*u - 427794 = 19*u. What is the thousands digit of u?
5
Suppose 0 = 2*j - 5*r - 33731, -12*r = -j - 9*r + 16868. What is the units digit of j?
3
Let a(s) = 27*s**2 - 36*s - 1106. What is the thousands digit of a(-24)?
5
Let s(m) = -4*m**2 + 278*m + 139. What is the hundreds digit of s(61)?
2
Let a(t) = -67*t + 1385. What is the hundreds digit of a(-58)?
2
Let s(k) = -k**3 - 26*k**2 - 9*k + 4. Let v be 0*((-3)/(-2))/(2 + -5). Suppose -i + z - 31 = v, 140 = -9*i + 4*i + 2*z. What is the tens digit of s(i)?
3
Let o(m) be the third derivative of m**5/60 - 7*m**4/24 - 19*m**3/6 - 41*m**2. Let w be o(14). Let g = w - -100. What is the tens digit of g?
7
Suppose 2*k = 4*k + 4*v + 2, -3*v - 5 = -2*k. Suppose h = k, -5*s - 3*h - 9 = -32. Suppose b - g - 93 = 4*g, -s*b + 350 = 2*g. What is the units digit of b?
8
Suppose 2328 = 2*z + 2*i, -z - 3*z + 2*i = -4644. Suppose 4*q = -2*f + 1800, 3*f - 194 - z = -3*q. What is the tens digit of q?
4
Let z be ((-430)/(-30) - 9)/((-4)/(-1206)). Let g = z - 1128. What is the hundreds digit of g?
4
Suppose 23*n + 255*n = 11471392. What is the ten thousands digit of n?
4
Let l(n) = -n**2 - 27 - 46*n - 29*n + 100*n. What is the units digit of l(19)?
7
Suppose 170*h - 81049 = 103747 + 216404. What is the tens digit of h?
6
Let b be -10*(-2 + (-6)/(-4)). Let d(n) = 6*n + 0*n**2 + 2*n**2 - 8 - 3*n**2 - 5*n + 6*n. What is the units digit of d(b)?
2
Let k(s) = -s**2 + 5*s**2 + 2*s**2 + 3 + 3 - 5*s - 5*s**2 + 103*s**3. What is the units digit of k(2)?
4
What is the thousands digit of ((-25906)/(-11))/((-897)/(-33) - 27)?
2
Let y = 19 + -14. Suppose -5*t = -x - 18, -3*t - y*x = 9 - 3. Suppose 340 = t*b + 73. What is the tens digit of b?
8
Let k = 434 - 85. Let s = 660 - k. What is the units digit of s?
1
Suppose -2*c - 12*j = -7*j - 25, 0 = 2*j - 10. Suppose c = 11*h + 212 - 1191. What is the units digit of h?
9
Let b(z) = 15*z**3 + z**2 + 2*z - 2. Let a be b(1). What is the hundreds digit of (-1)/(a/(-36))*136?
3
What is the thousands digit of 2 - (-6)/1 - (281 - 57073)?
6
Suppose 206279 = 98*d - 14025. What is the hundreds digit of d?
2
Suppose 12*w = 13*w + 2*h - 10747, w + 4*h - 10735 = 0. What is the hundreds digit of w?
7
Suppose 5*b - 368 = 5*o + 702, 0 = -4*o - b - 876. Let j = o + 319. What is the units digit of j?
1
Suppose -l + m + 0*m + 4 = 0, -6 = -2*l + 4*m. Suppose -q = -l*a + 2306, a + 0*q = -2*q + 459. What is the tens digit of a?
6
Let p be 1 + (-3)/9 - 82/(-3). Suppose p = d - 0*d. Suppose 0 = 30*r - d*r - 244. What is the tens digit of r?
2
What is the tens digit of (26553/159)/((-1)/(-256))?
5
Suppose q = -568 + 591. Suppose -7254 - 3142 = -q*p. What is the tens digit of p?
5
Let k(x) = 15*x - 33. Suppose 48 = -3*o + 7*o. Suppose o*h = 5*h + 70. What is the hundreds digit of k(h)?
1
Suppose 15 = 176*m - 171*m, -3*h - 3*m + 20004 = 0. What is the thousands digit of h?
6
What is the thousands digit of (-25121830)/(-4350) + 2/(-15)?
5
Suppose s - 2*v = 840, s + 4*v - 665 = 145. Suppose -s = 69*y - 70*y. What is the tens digit of y?
3
Let l be 2/(-15) - (-25446)/180*14. Let m = l - 1061. What is the h